*w = -4*p - 84. Let g be 1/(-2)*38/w. Suppose 4*r - 21 = -g. What are the prime factors of r?
5
Let g(f) = -1. Let q(o) = -16*o - 8. Let t(i) = -3*g(i) + q(i). List the prime factors of t(-5).
3, 5
Let j(u) = u**3 + 18*u**2 - 32*u + 9. What are the prime factors of j(-10)?
1129
Suppose -9*d - 5*h = -4*d - 11520, -5*h + 20 = 0. List the prime factors of d.
2, 5, 23
Let x(y) = 24*y + 12 + 81*y - 8*y - 5*y. List the prime factors of x(1).
2, 13
Let i(l) be the first derivative of -l**5/30 - l**4/4 - 5*l**3/3 - 3. Let u(s) be the third derivative of i(s). What are the prime factors of u(-7)?
2, 11
Suppose 0 = -2*n - 2*m - m - 43, 4*n - m + 107 = 0. Let l = 61 + n. Let i = l + -10. List the prime factors of i.
5
Suppose 0 = 2*j - 4*c - 752, 2*c - 4*c = -2*j + 744. Suppose -b = b - j. List the prime factors of b.
2, 23
Let q be (2/(-5))/((-1)/(-15)). Suppose -y + 3*x - 7 = 0, -x + 6*x - 5 = 0. What are the prime factors of q/y - (-1968)/32?
3, 7
Let s(p) = -p**3 + 15*p**2 + 18*p - 29. Let j be s(16). List the prime factors of (-1*1/j)/(26/(-4290)).
5, 11
Suppose 11*o - 16985 = 615. List the prime factors of o.
2, 5
Suppose 3*j - 4*j = 0. Suppose j = -2*w - 18 + 76. List the prime factors of w.
29
Suppose 0 = -34*i + 47*i - 2548. What are the prime factors of i?
2, 7
Let a be (-12 + 50)/(1/(-2) - -1). Suppose 5*f + 3*l - 232 = 0, -3*f + a = -2*l - 67. List the prime factors of f.
47
Suppose 19 + 29 = -6*w. Let o be (-2)/w - (-140)/16. Let c(b) = b + 1. List the prime factors of c(o).
2, 5
Let d(a) = -6*a - 1. Let k be d(-1). Suppose -k*z = -160 - 290. List the prime factors of z.
2, 3, 5
Let f = -31 - -37. Let y(t) = t**3 - 4*t**2 - 3*t - 14. What are the prime factors of y(f)?
2, 5
Let i = 16 + 2933. List the prime factors of i.
3, 983
Suppose -4*a = -s + 712, -12 = -8*a + 5*a. What are the prime factors of s?
2, 7, 13
Let h be -3 + 6 + (-4)/(-4). Let f = -71 + h. Let z = f - -98. What are the prime factors of z?
31
Let k(p) = 8*p - 7. Let f be k(9). Let x = f + -14. What are the prime factors of x?
3, 17
Let h = 1 - 1. Let b(g) = -2 - 5*g + 13*g + h*g. List the prime factors of b(3).
2, 11
Let u(m) = 422*m**2 - 4*m + 2. List the prime factors of u(1).
2, 3, 5, 7
Suppose 3*l - q = 5002, 11*l - 7*l = 3*q + 6676. What are the prime factors of l?
2, 7, 17
Let w = 10 + -14. Let a = w + 7. Suppose 5*f - a*l - 78 = 0, 3*l + 17 = 4*f - 43. List the prime factors of f.
2, 3
Suppose -4*v + 5*v + 4*c = -68, 0 = 5*c. Let j = -28 - v. List the prime factors of j.
2, 5
Let m(z) = -z**3 - 6*z**2 - 6*z - 4. Let y be m(-5). Suppose 2*q = q - y. What are the prime factors of 3 + -1 + q/(-1)?
3
Suppose -43*q + 60*q - 561 = 0. What are the prime factors of q?
3, 11
Let d(p) = -p**2 - 3 - 2*p + 2 - p**2 + 3*p**2. Let u be d(3). Suppose 3*o = 5*f + 33, -u*o - f - f = -38. What are the prime factors of o?
2
What are the prime factors of (-2998)/(-5)*(-270)/(-108)?
1499
Suppose -1743 = -n - 6*n. List the prime factors of (n/6)/(2/(1 - -3)).
83
What are the prime factors of (-21700)/(-36) + (-2)/(-9)?
3, 67
What are the prime factors of (-171)/(-399) + (-45466)/(-14)?
2, 7, 29
Let w(m) = m**3 + 14*m**2 - 3*m - 27. List the prime factors of w(-13).
181
Let c(r) = -r + 2 + 4 - 2*r + 2*r. Let d be c(3). Suppose -d*v + 15 + 18 = 0. List the prime factors of v.
11
Let b = 1162 - -209. List the prime factors of b.
3, 457
Let w(j) = j**3 + 21*j**2 + 46*j - 24. List the prime factors of w(-11).
2, 5, 17
Let p = 479 - 157. List the prime factors of 2/(-4 - p/(-80)).
2, 5
Let f = -8 - -12. Suppose 5*t - 54 = -f*y + 69, 4*t + 2*y = 102. List the prime factors of (28/6)/(18/t).
7
Suppose l = 0, -2*l - 15 = -5*d - 0*l. Suppose 7*v - 348 = d*v. What are the prime factors of v?
3, 29
Let k(n) = -3*n**3 - 21*n**2 + 29*n - 11. Let q(d) = 2*d**3 + 10*d**2 - 15*d + 6. Let f(i) = -3*k(i) - 5*q(i). List the prime factors of f(8).
227
Let t = 706 + -437. List the prime factors of t.
269
Let s(b) be the second derivative of b**5/20 + 2*b**4/3 + 5*b**3/6 + 7*b**2/2 + 3*b. Let q be s(-6). Suppose -3*x = -q + 10. List the prime factors of x.
13
Suppose 3*q - 7*q - 4 = 0. What are the prime factors of (0/q)/(-1) + 2 + 126?
2
List the prime factors of 306/54 + -5 + (-12934)/(-3).
2, 7, 11
Let k be (0/1)/(3/(-3)) - -56. Suppose 0 = 8*h - 10*h + k. List the prime factors of h.
2, 7
Suppose q - 163 = -5*x + 3*x, 3*q - 471 = 3*x. Let s = q + 29. List the prime factors of s.
2, 47
Let k(z) = 9*z**2 - 6*z - 3. Let f = -2 + 7. Let n(y) = -5*y**2 + 3*y + 1. Let c(h) = f*n(h) + 3*k(h). What are the prime factors of c(4)?
2
List the prime factors of 1339 - ((2 - -1) + -5).
3, 149
Let p(w) = -33*w - 20. Let q be p(-7). Let m = -22 + q. List the prime factors of m.
3, 7
Suppose -112 = -0*l + 2*l + 4*a, 0 = -l - a - 51. Suppose -5*v + 330 = 5*p, 4*p = -v - 15 + 279. Let n = p + l. What are the prime factors of n?
2, 5
List the prime factors of (-75)/(-25) + (-1 - -113).
5, 23
Let j = -1919 - -3540. List the prime factors of j.
1621
Let m(b) = -17*b - 2. Let f(h) = h - 1. Let c(n) = 4*f(n) + m(n). What are the prime factors of c(-6)?
2, 3
Suppose f = 140 + 43. Suppose 4*w = 4*i + 720, w - 2*i - f = 2*i. List the prime factors of w.
179
Suppose 1 = -d + 4*b - 2*b, 4*d - 3*b = 6. Let q = 0 + d. Let i = 6 + q. List the prime factors of i.
3
Let y(l) be the third derivative of l**6/120 + l**5/12 - l**4/12 + l**3/6 - 12*l**2. Let k be y(-5). Let w = k - -12. List the prime factors of w.
23
Let a(b) be the third derivative of b**4/12 + 7*b**3/6 - 2*b**2 + 2*b. What are the prime factors of a(23)?
53
Let a be 387 + -1 + 5 + -4. Suppose 421 = 4*t - a. What are the prime factors of t?
2, 101
What are the prime factors of (9/(-4) - -3) + 100643/76?
5, 53
Suppose -2*p = p + 66. List the prime factors of (8 - p)*(-4)/(-3).
2, 5
Let v be (14/6)/((-2)/(-6)). Let i = v - 1. Suppose 6 + i = 4*n. What are the prime factors of n?
3
Suppose -2*f = -977 + 225. Let i = f - 148. What are the prime factors of i?
2, 3, 19
Let v be 280/(-12) + (-12)/(-9). Let h = -16 - v. What are the prime factors of h?
2, 3
Suppose -75 - 53 = -32*l. Let m = 4 - -22. Let c = l + m. List the prime factors of c.
2, 3, 5
Suppose 2*h = h + 11. Let k(p) = p**3 - 11*p**2 + 4*p - 10. List the prime factors of k(h).
2, 17
Suppose h + 76 = 135. Suppose 221 = 2*c + c + s, 4*s = -c + h. What are the prime factors of c?
3, 5
Let l(s) be the second derivative of s**5/10 - s**4/6 - s**3/3 - 3*s**2/2 + 17*s. List the prime factors of l(4).
5, 17
Let d(j) = -6*j**3 + 4*j**2 - 7*j - 14. List the prime factors of d(-4).
2, 3, 7, 11
Suppose -20 = -5*p + 5. Suppose 2*d = 4*f - 3*d - 13, f + d = 1. Suppose 2*s - 134 = p*o - 38, -f*o - 160 = -4*s. List the prime factors of s.
2, 19
Let t(v) = -v**2 + 4*v. Let x be t(3). Suppose 0 = -3*n + 5*a + 307, 0 = 5*n - 0*n - x*a - 485. List the prime factors of n.
2, 47
Let c(l) = l - 1. Let t be ((-30)/(-35))/(4/28). Let f(n) = 6*n - 2. Let j(u) = t*c(u) - 2*f(u). List the prime factors of j(-6).
2, 17
Suppose 3116 = 58*r - 40964. List the prime factors of r.
2, 5, 19
Let u be 8 - (-7)/(7/(-4)). Suppose -n - 555 = -4*b - 4*n, -n = -u*b + 567. List the prime factors of b.
3, 47
Suppose 0 = -3*y + 3*c - 201, -5*y - 5*c = -3*y + 127. Let a = 114 + y. What are the prime factors of a?
2, 3
Let u be 258 - (2 - 1)*-3. Suppose 0 = -4*c + u + 59. What are the prime factors of c?
2, 5
Suppose 2*s = -4*x + 6286, -5436 = -4*x - 3*s + 847. List the prime factors of x.
11, 13
Suppose -2844 = 5*n - 6*n. List the prime factors of n.
2, 3, 79
Suppose 0 = 3*s + 136 - 1. List the prime factors of (-19435)/(-75) - (12/s)/(-2).
7, 37
Suppose 4*n - 2276 = -2*c, 3*c + c - 4570 = -2*n. List the prime factors of c.
2, 11, 13
Suppose b - 7 = -n, 2*b - 9 = -2*n + n. Suppose 2 = -3*k + n. What are the prime factors of -4 + ((-56)/(-4))/k?
2, 5
List the prime factors of (-4)/10 + 72288/45.
2, 11, 73
Suppose -3*n + a + 6 = -6, -3*n + 2*a + 9 = 0. Suppose 0 = -2*y + 4*y + 3*d - 9, -d - 48 = -n*y. List the prime factors of y.
3
Suppose 3*x = 3*s + 1385 + 2941, 2*x + 5*s = 2856. List the prime factors of x.
2, 719
Let g be (6 + 8)*(-4)/(-14). Suppose g*w = -w. Suppose w = -27*v + 25*v + 66. What are the prime factors of v?
3, 11
Suppose 0 = -3*u + 36*b - 39*b + 